
1
What is the remainder when 271 is divided by 56?
47
Calculate the remainder when 673 is divided by 45.
43
Calculate the remainder when 330 is divided by 55.
0
What is the remainder when 3443 is divided by 16?
3
Calculate the remainder when 410 is divided by 10.
0
Calculate the remainder when 72 is divided by 39.
33
What is the remainder when 94 is divided by 76?
18
What is the remainder when 119 is divided by 10?
9
Calculate the remainder when 9387 is divided by 22.
15
Calculate the remainder when 419 is divided by 13.
3
What is the remainder when 428 is divided by 70?
8
What is the remainder when 1498 is divided by 722?
54
What is the remainder when 196 is divided by 63?
7
What is the remainder when 1075 is divided by 4?
3
What is the remainder when 447 is divided by 64?
63
What is the remainder when 19 is divided by 4?
3
What is the remainder when 4991 is divided by 26?
25
What is the remainder when 307 is divided by 31?
28
What is the remainder when 11853 is divided by 26?
23
What is the remainder when 2332 is divided by 2?
0
Calculate the remainder when 169 is divided by 59.
51
Calculate the remainder when 2364 is divided by 30.
24
What is the remainder when 142 is divided by 18?
16
Calculate the remainder when 2804 is divided by 46.
44
Calculate the remainder when 3805 is divided by 132.
109
Calculate the remainder when 276 is divided by 69.
0
Calculate the remainder when 472 is divided by 25.
22
Calculate the remainder when 77 is divided by 63.
14
What is the remainder when 480 is divided by 7?
4
What is the remainder when 3928 is divided by 1960?
8
What is the remainder when 103 is divided by 18?
13
Calculate the remainder when 704 is divided by 80.
64
What is the remainder when 311 is divided by 63?
59
Calculate the remainder when 46 is divided by 24.
22
What is the remainder when 48 is divided by 7?
6
Calculate the remainder when 826 is divided by 18.
16
Calculate the remainder when 758 is divided by 38.
36
What is the remainder when 1484 is divided by 45?
44
What is the remainder when 18 is divided by 3?
0
What is the remainder when 939 is divided by 156?
3
What is the remainder when 684 is divided by 31?
2
What is the remainder when 857 is divided by 54?
47
What is the remainder when 456 is divided by 281?
175
What is the remainder when 41104 is divided by 51?
49
Calculate the remainder when 2294 is divided by 159.
68
What is the remainder when 450 is divided by 27?
18
Calculate the remainder when 130 is divided by 15.
10
Calculate the remainder when 1220 is divided by 239.
25
What is the remainder when 681 is divided by 38?
35
What is the remainder when 124 is divided by 18?
16
What is the remainder when 228 is divided by 48?
36
What is the remainder when 292 is divided by 232?
60
What is the remainder when 1696 is divided by 1689?
7
Calculate the remainder when 121 is divided by 61.
60
What is the remainder when 38 is divided by 1?
0
What is the remainder when 554 is divided by 14?
8
What is the remainder when 5263 is divided by 13?
11
Calculate the remainder when 56 is divided by 18.
2
What is the remainder when 304 is divided by 146?
12
What is the remainder when 24196 is divided by 11?
7
Calculate the remainder when 263 is divided by 66.
65
Calculate the remainder when 164 is divided by 50.
14
What is the remainder when 4377 is divided by 6?
3
What is the remainder when 307 is divided by 52?
47
Calculate the remainder when 4505 is divided by 215.
205
Calculate the remainder when 2038 is divided by 30.
28
What is the remainder when 3960 is divided by 17?
16
What is the remainder when 111 is divided by 19?
16
Calculate the remainder when 730 is divided by 360.
10
What is the remainder when 19 is divided by 11?
8
Calculate the remainder when 955 is divided by 10.
5
What is the remainder when 682 is divided by 76?
74
Calculate the remainder when 18509 is divided by 22.
7
What is the remainder when 576 is divided by 133?
44
Calculate the remainder when 716 is divided by 60.
56
What is the remainder when 3859 is divided by 13?
11
What is the remainder when 383 is divided by 372?
11
What is the remainder when 169 is divided by 39?
13
Calculate the remainder when 703 is divided by 44.
43
What is the remainder when 365 is divided by 136?
93
Calculate the remainder when 72 is divided by 26.
20
What is the remainder when 233 is divided by 60?
53
Calculate the remainder when 51 is divided by 18.
15
Calculate the remainder when 782 is divided by 20.
2
What is the remainder when 882 is divided by 163?
67
Calculate the remainder when 119 is divided by 11.
9
Calculate the remainder when 801 is divided by 30.
21
Calculate the remainder when 815 is divided by 16.
15
Calculate the remainder when 2276 is divided by 325.
1
Calculate the remainder when 198 is divided by 97.
4
Calculate the remainder when 590 is divided by 152.
134
What is the remainder when 874 is divided by 59?
48
What is the remainder when 393 is divided by 9?
6
Calculate the remainder when 122 is divided by 65.
57
Calculate the remainder when 1167 is divided by 69.
63
What is the remainder when 45 is divided by 36?
9
Calculate the remainder when 270 is divided by 13.
10
What is the remainder when 222 is divided by 48?
30
What is the remainder when 351 is divided by 32?
31
Calculate the remainder when 797 is divided by 17.
15
What is the remainder when 1572 is divided by 11?
10
Calculate the remainder when 490 is divided by 55.
50
What is the remainder when 468 is divided by 133?
69
Calculate the remainder when 391 is divided by 99.
94
What is the remainder when 88 is divided by 10?
8
Calculate the remainder when 1538 is divided by 110.
108
What is the remainder when 4856 is divided by 113?
110
What is the remainder when 202 is divided by 7?
6
What is the remainder when 299 is divided by 168?
131
Calculate the remainder when 172 is divided by 82.
8
Calculate the remainder when 793 is divided by 268.
257
What is the remainder when 39 is divided by 16?
7
What is the remainder when 139 is divided by 47?
45
What is the remainder when 22 is divided by 18?
4
What is the remainder when 409 is divided by 9?
4
Calculate the remainder when 39792 is divided by 35.
32
Calculate the remainder when 726 is divided by 43.
38
Calculate the remainder when 6717 is divided by 192.
189
Calculate the remainder when 98 is divided by 46.
6
What is the remainder when 219 is divided by 78?
63
What is the remainder when 401 is divided by 29?
24
What is the remainder when 826 is divided by 174?
130
Calculate the remainder when 884 is divided by 215.
24
Calculate the remainder when 178 is divided by 17.
8
Calculate the remainder when 1982 is divided by 285.
272
Calculate the remainder when 1768 is divided by 59.
57
Calculate the remainder when 16242 is divided by 361.
358
Calculate the remainder when 461 is divided by 14.
13
Calculate the remainder when 356 is divided by 95.
71
What is the remainder when 309 is divided by 40?
29
What is the remainder when 80 is divided by 45?
35
What is the remainder when 337 is divided by 88?
73
What is the remainder when 538 is divided by 36?
34
Calculate the remainder when 175 is divided by 66.
43
Calculate the remainder when 565 is divided by 205.
155
What is the remainder when 341 is divided by 58?
51
Calculate the remainder when 342 is divided by 75.
42
Calculate the remainder when 592 is divided by 52.
20
What is the remainder when 545 is divided by 70?
55
What is the remainder when 299 is divided by 77?
68
Calculate the remainder when 405 is divided by 99.
9
What is the remainder when 1112 is divided by 68?
24
What is the remainder when 317 is divided by 21?
2
What is the remainder when 2789 is divided by 96?
5
Calculate the remainder when 310 is divided by 21.
16
What is the remainder when 897 is divided by 55?
17
What is the remainder when 1673 is divided by 9?
8
What is the remainder when 194 is divided by 7?
5
Calculate the remainder when 207 is divided by 11.
9
Calculate the remainder when 123 is divided by 9.
6
Calculate the remainder when 1586 is divided by 317.
1
Calculate the remainder when 38893 is divided by 26.
23
Calculate the remainder when 76 is divided by 18.
4
Calculate the remainder when 478 is divided by 62.
44
Calculate the remainder when 2